-2932. Is h a prime number?
False
Let f(y) = -135 - 148*y - 69 - 22 - 99. Is f(-29) prime?
True
Suppose -b + 1 = -2*b. Is (3855/12)/((-45)/(-36) + b) a composite number?
True
Suppose -2*x = 2*q - 228920, -56*x + 60*x = 5*q + 457849. Is x prime?
False
Let u = 64019 - 19924. Is u a composite number?
True
Suppose -4*a = -2*a - 2*c + 30, 0 = -5*a - 5*c - 25. Let x(g) = -246*g - 67. Is x(a) prime?
True
Let t = -34 + 30. Let a be (t/5)/(((-24)/(-15))/(-8)). Is 9718/a + (-3)/6 a prime number?
False
Suppose 0 = 39*q + 608571 + 379299. Is (q/44 - 4/(-22))*-6 a prime number?
False
Let y be (1/(-4))/(1*(-4)/48). Let h(g) = g**2 - 5*g + 3. Let d be h(y). Let s(r) = 147*r**2 + 7*r + 13. Is s(d) prime?
False
Let z(v) = -v**2 + 13*v - 19. Let b be z(11). Suppose 0 = 5*a, 0 = 4*m + m + b*a - 16930. Suppose -5*r - 3745 = -5*p, -4*p = -r + 390 - m. Is p a prime number?
False
Let r be (-3)/(-2)*(-442)/(-51). Let p(i) = i**3 - 6*i**2 + 18*i + 24. Is p(r) a composite number?
True
Suppose 30 - 117 = -3*i. Suppose 9*y + 323 = 593. Suppose i = g - y. Is g prime?
True
Is 1116/496*6*(-243734)/(-9) a prime number?
False
Is -116*(-28989)/(-18)*(-5)/10 prime?
False
Suppose 97*z - 18120 = 101*z. Let m = 9313 + z. Is m a prime number?
True
Let r(s) = -1 - s**3 + 1 - 3 + 16*s**2 - s + 4*s. Let d = 16 + -5. Is r(d) a composite number?
True
Suppose 12 = -4*y - 2*f, 4*f - 12 - 12 = 4*y. Is (-888219)/(-207) + y/(-46) a prime number?
False
Let m = -35 - -35. Suppose m = 4*w - w. Suppose w = 2*u + 5*n - 3852, 4*n + n = u - 1941. Is u a prime number?
True
Let a(x) = 15*x**2 - 3*x - 3. Let i be a(-1). Is ((-250)/i - 3)/(4/(-132)) a composite number?
True
Suppose 4*n = -4*k + 304796, 4*n - 4*k - 106777 - 198019 = 0. Is n a composite number?
True
Let u = -190 + 2308. Is 4 + u + -3 + 7 a prime number?
False
Suppose 38 = -10*w + 188. Suppose -4*b = -q - 15376, w*q - 12*q - 15392 = -4*b. Is b composite?
True
Let b(p) = 222*p**3 + 2*p**2 + 24*p - 55. Is b(3) a composite number?
False
Let q = -508 + 962. Let h = 1125 + q. Is h prime?
True
Suppose 49*g = 10*g + 7342821 - 57894. Is g a composite number?
False
Suppose 0 = 4*l + f - 65, -l - 2*f + 15 = -3. Suppose -l*x - 22661 = -86325. Is x composite?
True
Suppose 26 = 6*u + 38. Let m be (3/u)/((-1)/2). Suppose -3*n - 3*p = -777 - 1113, m*n + 4*p = 1885. Is n a composite number?
True
Let d(o) = 19*o - 5. Let t be d(5). Suppose -34 + t = 4*v. Let u = 451 - v. Is u a composite number?
True
Suppose 0 = 10*z + 41*z - 2617167. Is z a composite number?
True
Suppose 3*m - q - 7 = 0, 3*m - 8*m = -4*q - 7. Suppose -6*j + m*j = -15186. Suppose r + j = 5*d + 1885, 2 = -r. Is d a composite number?
True
Let l be 676/117 + 2/9. Suppose -3*h + l*h = -2*o + 21634, -43296 = -4*o + h. Is o composite?
True
Let q(l) = l**2 + 4*l + 6. Let j be q(-7). Suppose 0 = 2*f - f - 4*u - j, -4*f + 3*u = -43. Suppose -a + 2728 = f*a. Is a prime?
False
Suppose -6 = 2*g, -m + 22*g + 17128 = 25*g. Is m prime?
True
Is 1137782 + (-1)/11*11 prime?
True
Let i(q) = -1889*q**2 - 9*q + 3. Let v be i(1). Is (v/(-10))/(5/230) a composite number?
True
Let j(d) = -35 + 124 + 202 - 192*d - 29 - 3*d. Is j(-13) composite?
False
Let b = -22328 + 37267. Is b a prime number?
True
Let h(f) = 65*f**2 + 26*f - 938. Is h(40) composite?
True
Let r = 3283 - 578. Is r prime?
False
Let j(x) = 594299*x**3 - 8*x**2 - 3*x + 11. Is j(1) a composite number?
False
Let d(i) be the second derivative of i**5/10 - 5*i**4/6 + 13*i**3/6 + 3*i**2 - 10*i. Let c be d(12). Let q = 3460 - c. Is q prime?
False
Let o = 4525 + 172130. Is o/36 + (-4)/48 a composite number?
True
Let k = 3027 - 1920. Suppose -k = -14*t + 4703. Is t a composite number?
True
Suppose 57*l = 61*l - 16, -1067297 = -5*h - 3*l. Is h prime?
False
Is (8516/6)/((-13340)/6693 - -2) composite?
True
Let k(b) = b**2 - 6*b - 14. Let v be k(8). Suppose -5*h = -v*s + 47 + 10, -90 = -4*s + 2*h. Is (-6)/s + (-4 - 28671/(-21)) prime?
True
Suppose 16 = -b - 3*b, -b = 3*f - 56. Suppose 0 = f*j - 2135 - 28145. Is j composite?
True
Let w be 3/(-12) - (-493878)/88. Suppose 355 = -7*k + w. Is k a composite number?
False
Is (642 + 404300)/(4/6 - 0) composite?
True
Suppose 0 = 5*g + t - 13984, -g - g - 4*t + 5608 = 0. Is g/2 - 3/3 prime?
False
Let s(r) = -124*r - 114. Is s(-4) a prime number?
False
Suppose -t + 3*l - l = 0, 0 = -2*t + 3*l + 1. Suppose 5*s = -t*b + 25163, -s = -0*s - 4*b - 5037. Is s a composite number?
True
Let a(o) = 231*o**2 + 22*o - 51. Let r = 167 - 160. Is a(r) a prime number?
False
Let s be 50607/(-12) + 3/12. Let u = 1452 - s. Is u a prime number?
True
Let j(k) be the second derivative of -7*k**6/240 - 7*k**5/30 - k**4/4 - k. Let z(b) be the third derivative of j(b). Is z(-7) prime?
False
Let c be (2 - (-6621)/15) + 2/(-5). Let s = -166 + c. Suppose -d = -3*u - s, u - 2*u - 2 = 0. Is d a prime number?
True
Let q(v) = 2*v**2 - 16*v + 6. Let s be q(5). Let b be (s/4)/3*(-3593)/(-2). Let m = -766 - b. Is m a prime number?
False
Suppose -86*d = -124*d + 6045382. Is d prime?
False
Suppose 4*g = 4*g - 5*g. Suppose g*r - 2*r - 179 = -5*i, -525 = 5*r + 3*i. Let c = 307 - r. Is c a composite number?
False
Let c(o) = 4*o**2 - 11*o - 22. Suppose 4*d + 7*s = 4*s + 1, 0 = 5*d + 5*s - 5. Let u be c(d). Suppose -772 = -5*x - 4*m + 814, 4*m = u. Is x a composite number?
True
Let v be (-2)/12 + (-2166)/(-36). Let h = v + -55. Suppose 0 = h*g - 3*y - 3926, -4*g + g - 2*y = -2367. Is g a prime number?
True
Suppose -74*u + 6691895 = -60*u - 10250807. Is u a prime number?
True
Suppose 0 = -20*y + 2420 + 3940. Suppose -8 = -2*l, t = -3*l - y + 1693. Is t composite?
True
Let w(r) = -r**3 + 126*r**2 + 717*r + 117. Is w(115) a composite number?
True
Suppose -4*u + 2*v + 633 = -3*u, u - 649 = -2*v. Suppose -324*q = -323*q - u. Is q a composite number?
False
Let u = -112 - -174. Let f(q) = 25*q - 2. Let v be f(5). Let r = u + v. Is r a composite number?
True
Suppose -12807*s + 12815*s - 238424 = 0. Is s a composite number?
False
Suppose 5*r = 0, -5*a + 10*r - 725 = 8*r. Is 2/(-1) - (12 + a) composite?
False
Let z(b) = -b**3 - 10*b**2 + 11*b + 9. Let s = -21 - -10. Let g be z(s). Is (7 - g)*1670/(-4) prime?
False
Suppose 19*z - 66469 = 11*z - 3*b, -4*b = -3*z + 24931. Is z a composite number?
True
Suppose -18*z = 28093 + 153725. Let g = -3890 - z. Is g composite?
False
Let l be 2109/38*12/9. Suppose -53336 = 66*w - l*w. Is w a prime number?
False
Let f(n) = 795*n**2 + 14*n + 12. Let x be f(-3). Let o = x - 3148. Is o a composite number?
True
Suppose -1261474 = -3*l + 2*r + 338869, 2*r + 2 = 0. Is l a composite number?
False
Let u(k) = -172*k**3 + 3*k**2 + 5*k + 5. Let q be u(-3). Let o = 12210 + q. Is o a composite number?
False
Let z(k) = -k**3 + 23*k**2 - 24*k + 22. Let l be z(22). Let g be (698/(-8))/((-1)/(-2))*l. Suppose 3*b - 1884 = -t + 1930, 3*b - 4*t = g. Is b composite?
True
Suppose -871*j - 31069895 - 11597482 = -964*j. Is j a composite number?
False
Suppose 5*b - 2*i + 7*i = -2775, 4*b + i = -2232. Let d be (-2054)/6 + (-148)/(-12) + -12. Let q = d - b. Is q composite?
True
Suppose 25 = -24*d + 28*d - 3*a, 5 = 5*a. Let n be (0 - (-4)/2) + -1. Is (1 - 150)/(n - 8/d) prime?
False
Suppose 2193 = -12*k + 7701. Suppose 0 = k*m - 465*m + 17058. Is m composite?
False
Suppose 535*u - 533*u = -f + 169082, -4 = f. Is u a prime number?
False
Let w be ((-258)/(-12))/((-1)/(-26)). Let x = w + -142. Suppose -4*g = -27 - x. Is g a composite number?
True
Let k be 0/(-2)*(-3)/(-6)*1. Suppose k = 2*q + d - 0*d - 2792, 5*d - 4181 = -3*q. Is q a prime number?
False
Suppose 3*a - 40 = -3*g + 2*a, -g + 5 = 2*a. Suppose 4*i = g*i - 1221. Is i a prime number?
False
Suppose -18133452 = -211*z + 19061417. Is z a composite number?
True
Suppose 0 = 2*j + 3*f + 15, 2*f + 30 = -13*j + 10*j. Let p(n) = 43*n**2 + 3*n + 53. Is p(j) a prime number?
False
Suppose -4*z = -0 - 12. Let g(d) = d**2 - 1. Let l(i) = -5*i**2 + 7*i - 11. Let x(n) = z*g(n) - l(n). Is x(-7) prime?
True
Let z(f) = f**3 - 4*f**2 - 7*f - 15. Suppose -7*c + 88 = -10. Is z(c) composite?
False
Let q = 281 + -277. Suppose -v + 6273 = y + y, 0 = -y + q*v + 3141. Is y a prime number?
True
Suppose 0 = x - 36315 + 2908. Suppose 168*u + x = 179*u. Is u a composite number?
False
Suppose 47535 = 4*n + i, -307*n + 303*n + i = -475